u).
21
Let b(t) = -1500*t + 1501*t + 1 + 4*t**2 - 2*t**2 + 3*t**2. Determine b(-1).
5
Let x(t) = t**3 + 8*t**2 + 4*t - 5. Suppose 15*c - 16*c - 132 = -5*g, 124 = 5*g + 3*c. Suppose 2*l = 4*i + g, l = 2*i - 3*l + 10. Determine x(i).
16
Let a(q) = q**2 + 11*q + 4. Let b = -159 - -159. Suppose -14*l + 18*l = 4*z + 32, b = z + l + 14. Calculate a(z).
4
Let d(n) = 12829*n + 58 + 12836*n - 25670*n. What is d(9)?
13
Let b(u) = 4*u - 10 + 2*u - 4*u. What is b(-9)?
-28
Let n(a) = a + 2. Suppose 5*i + 7*v = 6*v + 255, 5*v = i - 25. Suppose -g - 5*y + 16 = -14, -4*y = -4*g + 240. Let d = i - g. Determine n(d).
-3
Let w(u) = 28*u + 19. Let z(o) = 58*o + 36. Let k(a) = -5*w(a) + 3*z(a). Let m(f) = -8*f - 3. Let i(v) = 2*k(v) + 9*m(v). Give i(-2).
7
Let f be ((4/(-2))/4)/(14 - (-108)/(-8)). Let d(c) = -15*c**3 + c**2 + 5*c + 4. Determine d(f).
15
Let d(w) = -6*w - 23. Let x(n) = 5*n**3 - 25*n**2 - 7*n + 25. Let j be x(5). What is d(j)?
37
Suppose 6*d = -2*d + 4064. Let a(v) = -d - 2*v + 3*v + 2*v + 507. Give a(-3).
-10
Let z(g) = 26*g - 23*g + 4 + 68. Let r be z(-24). Let u(o) be the third derivative of o**4/24 - o**3 - 6*o**2. Give u(r).
-6
Let s(c) be the second derivative of -c**6/120 - 7*c**5/60 + c**4/24 - c**3/6 + 23*c**2/2 + 37*c - 1. Let l(w) be the first derivative of s(w). Give l(-7).
-8
Let s = -547 + 550. Suppose 0 = 9*q + s*q + 12. Let m(t) = 7*t**3 + t**2 + t. Give m(q).
-7
Let b(g) = -787*g**2 - 14 - 782*g**2 + 7*g + 1567*g**2. Determine b(6).
-44
Let j(m) be the first derivative of m**2/2 + 2*m + 387. Suppose -18 = -14*g + 16*g. What is j(g)?
-7
Let s(b) = -3*b**2 - b - 2. Let t(z) = -15*z**2 - 11. Let n(r) = 4*s(r) - t(r). Give n(-6).
135
Let p(v) = v**2 - 18*v - 82. Let s = -20281 + 20302. What is p(s)?
-19
Let x(s) = 7*s**3 - 29*s**2 + 18*s + 59. Let f(a) = 4*a**3 - 14*a**2 + 8*a + 30. Let q(p) = -5*f(p) + 3*x(p). Calculate q(16).
-5
Let f be 66/18 - (-8)/6. Let g be (-3)/(-1) - (-10 + 12). Let m(k) = g + 1 - 2*k + 0 - k + k**2. What is m(f)?
12
Let n = 107 + -101. Let u(a) be the second derivative of -3/2*a**2 - 1/12*a**4 + 0 + 5/6*a**3 + 11*a. Calculate u(n).
-9
Let o = -1824 - -1803. Let a(l) = 5*l + 114. Calculate a(o).
9
Let m(x) = -2*x**2 + 5*x - 3. Let n(b) = -18 - b**2 - 6*b**2 + 21 + 5*b + b**2 + b**3. Let f be n(5). What is m(f)?
-6
Suppose 0 = k - 2*d + 3, k - 6*d + 2*d + 7 = 0. Let s(b) be the second derivative of 7*b**5/4 - b**4/12 + b**3/6 - b**2/2 + 6732*b. Calculate s(k).
34
Let d = 1444 + -1441. Let o(b) be the first derivative of -5/3*b**d + 6 - b + 1/2*b**2. Calculate o(-2).
-23
Let k = 16143 + -9262. Let b(d) = 6896*d - 7 - k*d + d**2 - 4. Determine b(-15).
-11
Let d(o) = o**3 - 5*o**2 + 4*o + 3. Let y be (175/(-21) - -8)*9*-2. Suppose 81 = y*j + 3. Let l = j - 9. What is d(l)?
3
Let g(w) = w**2 + 2*w - 3. Let h(s) = -21*s - 557. Let y(l) = 10*l + 278. Let u(z) = -6*h(z) - 11*y(z). Let q be u(-18). Give g(q).
5
Let y(h) be the third derivative of -h**6/60 + h**5/30 + h**4/6 + 22*h**2 + 3*h. Suppose 0 = 6*s + 11 - 29. What is y(s)?
-24
Let p(o) = -o + 1. Let m(w) = -w + 2. Let b be ((-713)/46)/(-1 + (-2)/(-4)). Let a = 36 - b. Let l(q) = a*p(q) - 4*m(q). Determine l(-5).
2
Suppose 51*r = -286 + 643. Let o(i) = -i**2 + 43. Determine o(r).
-6
Let s(w) be the first derivative of w**4/4 - 12*w**3 + w**2 - 78*w + 2486. Calculate s(36).
-6
Suppose 5*q - 4*p + 2 = -23, -21 = 4*q - 3*p. Let w(o) = 2*o - 5 + 2 + 5. Calculate w(q).
-16
Let n(u) = u**2 - u. Let l(r) = -9*r**2 - 11*r - 1. Let g(a) = 8*a**2 + 10*a + 1. Let o(q) = 3*g(q) + 2*l(q). Let s(h) = -4*n(h) + o(h). Determine s(-6).
1
Let r(y) = -y**2 + 27*y + 36. Let l be r(11). Suppose -5*o = 202 - l. Let c(x) = x**3 + 3*x - 1. Determine c(o).
13
Let y(x) = 2*x**2 + 23*x - 10. Let q be y(-12). Suppose -5*t - 2*c = -12, 2*t = -3*t + c + 24. Let u(j) = 0*j + q - t - j + 3. Give u(5).
-4
Let s(x) be the first derivative of x**3/3 - 7*x**2 - 489*x - 5402. What is s(-16)?
-9
Let d(r) = -11*r - 1. Suppose 0 = 2*z + 3*g - 13, z + g = 2*z + 1. Suppose -4*u - 6 = 2*w + 4, 2 = -4*w - z*u. What is d(w)?
-12
Suppose 0 = -9*i + 13*i + 72. Let a(u) = u**2 + 18*u - 1. Let h be a(i). Let d(m) = -4*m + 1. Give d(h).
5
Let u = -531 + 605. Suppose u = -25*z - 76. Let i(t) = -3*t - 8. What is i(z)?
10
Let s(f) = -24*f**2 - 32*f + 100. Let k(i) = -5*i**2 - 7*i + 20. Let z(y) = 14*k(y) - 3*s(y). Give z(6).
40
Let u(h) = 2*h**2 + 2*h + 2. Let o = -8767 - -8766. What is u(o)?
2
Let a be ((-2)/(-6))/(25/(-75)). Let k(d) = -d + 1. Let q(b) = -5*b + 3. Let o(s) = a*q(s) + 4*k(s). Calculate o(0).
1
Let a(c) = 6*c**2 + 9*c - 8. Suppose 3*x + 1980 - 1992 = -3*v, 0 = -4*v + 4*x - 40. Give a(v).
19
Let v(u) be the second derivative of -35*u**3/6 - 2*u**2 - 1553*u. What is v(3)?
-109
Let h(s) = -3*s + 31. Let y be 15/(90/352)*6. Let u = y - 343. Calculate h(u).
4
Let g(j) = -16*j + 35*j - 14*j - 13*j - 10*j + 2. Determine g(1).
-16
Let t be (-3 + 4 - 0) + 2 + 0. Suppose 8*d - 65 = t*d. Let r(j) = -d + 3*j + 11 - 2*j. Calculate r(-2).
-4
Suppose -10 + 24 = a, -4*w = -3*a - 2. Let o(i) be the third derivative of i**6/120 - i**5/6 - 5*i**4/12 + 3*i**3/2 - i**2. Determine o(w).
20
Suppose 0 = 3*l - 2*g - 2432, -3*l + 2*g + 2*g = -2428. Let s(u) = 409*u - 2*u**2 + 408*u - 3 + 1 - l*u. Give s(3).
-5
Let w = -800 - -808. Suppose 0 = w*c - 586 + 626. Let d(j) = 3*j**3 - 6 - 5*j + j**2 - 7*j**2 - 4*j**3. Calculate d(c).
-6
Let s(a) be the first derivative of -a**3/3 - 2*a**2 + 56*a - 22. Let j be s(0). Let b be (j/(-12))/7*6. Let h(y) = -y**2 - 2*y - 5. Determine h(b).
-13
Suppose -4*z + n + 19 = 0, -5*z + 4*n - n + 29 = 0. Let k be 36/18*5/z*2. Let s(h) = -h**2 + 6*h - 5. Calculate s(k).
0
Suppose -3*x + 8 - 2 = 0. Let b(u) = -u. Suppose 0 = -5*a + 3*z - 20, -3*z + 17 = 2*a + 4. Let r(t) = t - 2. Let m(c) = a*r(c) + x*b(c). Determine m(-7).
23
Let b(u) be the second derivative of -4 + 2*u**2 - 5/6*u**3 + 8*u + 1/12*u**4. Determine b(4).
0
Let k(y) = 5*y**2 + 7*y - 5. Let h(s) = 3*s**2 + 25*s + 21. Let f be h(-7). Let w(x) = -9*x**2 - 13*x + 8. Let l(t) = f*k(t) - 4*w(t). Determine l(-3).
3
Suppose -2*x - 2*x - 4 = -5*d, 3*x = -5*d - 3. Let f(s) = -10*s**2 + 5 + s - 23 + 8*s**2 + 3*s**2. Give f(d).
-18
Suppose -4*z - 580 + 668 = 0. Let p(t) be the second derivative of t**4/12 - 7*t**3/2 - 12*t**2 + 127*t. What is p(z)?
-2
Let k(y) = y**3 + y + y**2 + 0*y - 2*y**3. Suppose -7*r - 2*r = -2*r. Suppose -8*g - 10*g = r. Determine k(g).
0
Let a(n) = 11*n**2 + 11*n - 68. Let i(g) = -2*g**2 - 3*g + 3. Let k(j) = -a(j) - 5*i(j). Give k(-6).
-7
Suppose 0 = 4*z - 12, 42 - 134 = -5*k + z. Suppose -2*u - k + 3 = 0. Let j be (7/((-84)/u))/((-6)/27). Let p(m) = 2*m**2 + m + 4. Give p(j).
19
Let z be (60/(-50))/(-6)*0. Let c(a) = -1663*a + 832*a + a**2 - 40 + 830*a. Determine c(z).
-40
Let j(k) be the third derivative of -k**6/144 + k**5/120 - 3*k**4/8 + 5*k**3/6 - 156*k**2. Let c(g) be the second derivative of j(g). Give c(1).
-4
Let z = -2618 + 2611. Let t(x) = 5*x**2 + 15*x - 5. Calculate t(z).
135
Suppose -24*a + 2*a = -154. Let j(h) = -h**2 + 7*h + 9. Let x(l) = -2*l**2 + 14*l + 18. Let v(f) = -5*j(f) + 3*x(f). Calculate v(a).
9
Let f(y) = 6*y + 5. Let a(v) = v - 1. Let x be a(2). Let i be (126/(-12) - -6) + x/2. What is f(i)?
-19
Let q(v) be the first derivative of v**4/4 + 19*v**3/3 + 9*v**2 + 7. Let j = 8590 + -8608. Determine q(j).
0
Let t(h) be the third derivative of 0 + 0*h + 22*h**2 - 1/3*h**3 + 5/24*h**4. Let y(n) = -3*n**2 - 51*n - 3. Let b be y(-17). Calculate t(b).
-17
Let n(l) be the first derivative of 1/2*l**2 - 24 - 2/3*l**3 + 3*l. What is n(3)?
-12
Let j(s) = -7*s**2 - 6*s - 2. Let v = 54 - 49. Suppose 13*g = 10*g - 3*t - 3, 0 = -5*t + v. What is j(g)?
-18
Let v(n) = 16*n - 95*n + 9*n + 7*n - 384. Calculate v(-6).
-6
Let o(s) = -422 - 8*s + 896 - 437. Determine o(3).
13
Let g(m) = m**2 - 6*m - 6. Let o be g(7). Let y be (-52)/14*(-24 - -17). Let z(n) = 51 + 2*n**3 - 25 + n**2 - 15*n**3 - y. Determine z(o).
-12
Let s be (4/12)/((-1)/(-57)) + -1. Suppose 5*w + 23 + 4 = n, -2*w = 2*n + s. Let k(x) = x + 11. Give k(w).
5
Let i(g) = 3*g**2 - 40*g + 41. Let j be i(12). Let x(p) = -2*p + 5 + 5*p - p. Calculate x(j).
-9
Suppose -2*c + 15 = c. Let l(m) = 16*m**2 - 2*m + 3. Let a(v) = 59*v + 13*v**2 - 26*v - 17*v 